{"id":881,"date":"2018-06-28T16:57:09","date_gmt":"2018-06-28T19:57:09","guid":{"rendered":"https:\/\/isfd1-bue.infd.edu.ar\/sitio\/autoridades\/"},"modified":"2026-02-18T16:11:21","modified_gmt":"2026-02-18T19:11:21","slug":"autoridades","status":"publish","type":"page","link":"https:\/\/isfd1-bue.infd.edu.ar\/sitio\/autoridades\/","title":{"rendered":"Autoridades"},"content":{"rendered":"<p style=\"text-align: left;\"><strong>Directora:<\/strong><\/p>\n<p style=\"text-align: left;\">MARIANA INCARBONE<\/p>\n<p><strong>Vicedirector:<\/strong><\/p>\n<p>MARCELO DI SIBIO<\/p>\n<p style=\"text-align: left;\"><strong>Regentes:<\/strong><\/p>\n<p>MABEL ROCCELLA<\/p>\n<p>MAR\u00cdA ELISA PARDEIRO<\/p>\n<p>MARIELA MORENO RAGO<\/p>\n<p>ALICIA PERALTA<\/p>\n<p>SILVIA BONIFACIO<\/p>\n<p style=\"text-align: left;\"><strong>Secretaria:<\/strong><\/p>\n<p>CAROLINA RASSULLO GIANELLI<\/p>\n<p style=\"text-align: left;\"><strong>Prosecretaria:<\/strong><\/p>\n<p style=\"text-align: left;\">DANIEL DATOLLI<\/p>\n<p style=\"text-align: left;\"><strong>Jefatura de \u00e1rea Lengua y Literatura:<\/strong><\/p>\n<p style=\"text-align: left;\">LAURA MARI<\/p>\n<p style=\"text-align: left;\"><strong>Jefatura de \u00e1rea Educaci\u00f3n Primaria:<\/strong><\/p>\n<p style=\"text-align: left;\">VIRGINIA HENRY<\/p>\n<p style=\"text-align: left;\"><strong>Jefatura de \u00e1rea Educaci\u00f3n Inicial:<\/strong><\/p>\n<p style=\"text-align: left;\">PAOLA BALBOA<\/p>\n<p style=\"text-align: left;\"><strong>Jefatura de \u00e1rea Historia:<\/strong><\/p>\n<p style=\"text-align: left;\">MARINA DE PALMA<\/p>\n<p style=\"text-align: left;\"><strong>Jefatura de \u00e1rea Geograf\u00eda:<\/strong><\/p>\n<p style=\"text-align: left;\">ALEJANDRA ALVITE<\/p>\n<p style=\"text-align: left;\"><strong>Jefatura de \u00e1rea y Coordinaci\u00f3n Educaci\u00f3n Especial:<\/strong><\/p>\n<p style=\"text-align: left;\">CECILIA CERRONE\/ SANDRA GARC\u00cdA<\/p>\n<p style=\"text-align: left;\">\n","protected":false},"excerpt":{"rendered":"<p>Directora: MARIANA INCARBONE Vicedirector: MARCELO DI SIBIO Regentes: MABEL ROCCELLA MAR\u00cdA ELISA PARDEIRO MARIELA MORENO RAGO ALICIA PERALTA SILVIA BONIFACIO Secretaria: CAROLINA RASSULLO GIANELLI Prosecretaria: DANIEL DATOLLI Jefatura de \u00e1rea Lengua y Literatura: LAURA MARI Jefatura de \u00e1rea Educaci\u00f3n Primaria: VIRGINIA HENRY Jefatura de \u00e1rea Educaci\u00f3n Inicial: PAOLA BALBOA Jefatura de \u00e1rea Historia: MARINA DE &#8230; <a title=\"Autoridades\" class=\"read-more\" href=\"https:\/\/isfd1-bue.infd.edu.ar\/sitio\/autoridades\/\" aria-label=\"More on Autoridades\">[+]<\/a><\/p>\n","protected":false},"author":7,"featured_media":0,"parent":0,"menu_order":0,"comment_status":"closed","ping_status":"closed","template":"","meta":[],"acf":[],"_links":{"self":[{"href":"https:\/\/isfd1-bue.infd.edu.ar\/sitio\/wp-json\/wp\/v2\/pages\/881"}],"collection":[{"href":"https:\/\/isfd1-bue.infd.edu.ar\/sitio\/wp-json\/wp\/v2\/pages"}],"about":[{"href":"https:\/\/isfd1-bue.infd.edu.ar\/sitio\/wp-json\/wp\/v2\/types\/page"}],"author":[{"embeddable":true,"href":"https:\/\/isfd1-bue.infd.edu.ar\/sitio\/wp-json\/wp\/v2\/users\/7"}],"replies":[{"embeddable":true,"href":"https:\/\/isfd1-bue.infd.edu.ar\/sitio\/wp-json\/wp\/v2\/comments?post=881"}],"version-history":[{"count":37,"href":"https:\/\/isfd1-bue.infd.edu.ar\/sitio\/wp-json\/wp\/v2\/pages\/881\/revisions"}],"predecessor-version":[{"id":6338,"href":"https:\/\/isfd1-bue.infd.edu.ar\/sitio\/wp-json\/wp\/v2\/pages\/881\/revisions\/6338"}],"wp:attachment":[{"href":"https:\/\/isfd1-bue.infd.edu.ar\/sitio\/wp-json\/wp\/v2\/media?parent=881"}],"curies":[{"name":"wp","href":"https:\/\/api.w.org\/{rel}","templated":true}]}}