{"id":855,"date":"2018-06-28T16:57:00","date_gmt":"2018-06-28T19:57:00","guid":{"rendered":"https:\/\/isfd1-bue.infd.edu.ar\/sitio\/cipe-becas\/"},"modified":"2025-10-30T15:35:37","modified_gmt":"2025-10-30T18:35:37","slug":"cipe-becas","status":"publish","type":"page","link":"https:\/\/isfd1-bue.infd.edu.ar\/sitio\/cipe-becas\/","title":{"rendered":"CIPE"},"content":{"rendered":"<p style=\"text-align: left;\">La\u00a0misi\u00f3n de les CIPEs (Coordinadores Institucionales de Pol\u00edticas Estudiantiles) est\u00e1 orientada a fortalecer el proceso formativo y garantizar las acciones que impulsen la democracia institucional con protagonismo estudiantil.<\/p>\n<p style=\"text-align: left;\"><strong>Les coordinadores de pol\u00edticas estudiantiles trabajan en:<\/strong><\/p>\n<p style=\"text-align: left;\">-El acompa\u00f1amiento de las trayectorias formativas estudiantiles (fortalecimiento acad\u00e9mico estudiantil, organizaci\u00f3n de talleres, seminarios, tutor\u00edas, ateneos, jornadas, simposios, alfabetizaci\u00f3n acad\u00e9mica).<\/p>\n<p style=\"text-align: left;\">-El seguimiento y acompa\u00f1amiento de los becarios de la instituci\u00f3n.<\/p>\n<p style=\"text-align: left;\">-La promoci\u00f3n y desarrollo de proyectos y actividades vinculadas a memoria, DDHH y g\u00e9nero.<\/p>\n<p style=\"text-align: left;\">-El desarrollo de proyectos de construcci\u00f3n colectiva con estudiantes y otros actores institucionales de vinculaci\u00f3n socio-comunitaria.<\/p>\n<p style=\"text-align: left;\">-El acompa\u00f1amiento a la creaci\u00f3n o reelecci\u00f3n de \u00f3rganos colegiados institucionales y Centros de Estudiantes.<\/p>\n<p style=\"text-align: left;\">En nuestra instituci\u00f3n la coordinaci\u00f3n est\u00e1 a cargo del profesor Iv\u00e1n Romero. Consult\u00e1 en el Instituto d\u00edas y horarios para contactarte.<\/p>\n","protected":false},"excerpt":{"rendered":"<p>La\u00a0misi\u00f3n de les CIPEs (Coordinadores Institucionales de Pol\u00edticas Estudiantiles) est\u00e1 orientada a fortalecer el proceso formativo y garantizar las acciones que impulsen la democracia institucional con protagonismo estudiantil. Les coordinadores de pol\u00edticas estudiantiles trabajan en: -El acompa\u00f1amiento de las trayectorias formativas estudiantiles (fortalecimiento acad\u00e9mico estudiantil, organizaci\u00f3n de talleres, seminarios, tutor\u00edas, ateneos, jornadas, simposios, alfabetizaci\u00f3n acad\u00e9mica). &#8230; <a title=\"CIPE\" class=\"read-more\" href=\"https:\/\/isfd1-bue.infd.edu.ar\/sitio\/cipe-becas\/\" aria-label=\"More on CIPE\">[+]<\/a><\/p>\n","protected":false},"author":7,"featured_media":0,"parent":0,"menu_order":0,"comment_status":"closed","ping_status":"closed","template":"","meta":[],"acf":[],"_links":{"self":[{"href":"https:\/\/isfd1-bue.infd.edu.ar\/sitio\/wp-json\/wp\/v2\/pages\/855"}],"collection":[{"href":"https:\/\/isfd1-bue.infd.edu.ar\/sitio\/wp-json\/wp\/v2\/pages"}],"about":[{"href":"https:\/\/isfd1-bue.infd.edu.ar\/sitio\/wp-json\/wp\/v2\/types\/page"}],"author":[{"embeddable":true,"href":"https:\/\/isfd1-bue.infd.edu.ar\/sitio\/wp-json\/wp\/v2\/users\/7"}],"replies":[{"embeddable":true,"href":"https:\/\/isfd1-bue.infd.edu.ar\/sitio\/wp-json\/wp\/v2\/comments?post=855"}],"version-history":[{"count":12,"href":"https:\/\/isfd1-bue.infd.edu.ar\/sitio\/wp-json\/wp\/v2\/pages\/855\/revisions"}],"predecessor-version":[{"id":6060,"href":"https:\/\/isfd1-bue.infd.edu.ar\/sitio\/wp-json\/wp\/v2\/pages\/855\/revisions\/6060"}],"wp:attachment":[{"href":"https:\/\/isfd1-bue.infd.edu.ar\/sitio\/wp-json\/wp\/v2\/media?parent=855"}],"curies":[{"name":"wp","href":"https:\/\/api.w.org\/{rel}","templated":true}]}}