{"id":811,"date":"2018-06-28T16:56:44","date_gmt":"2018-06-28T19:56:44","guid":{"rendered":"https:\/\/isfd1-bue.infd.edu.ar\/sitio\/profesorado-en-lengua-y-literatura\/"},"modified":"2025-04-22T10:48:18","modified_gmt":"2025-04-22T13:48:18","slug":"profesorado-en-lengua-y-literatura","status":"publish","type":"page","link":"https:\/\/isfd1-bue.infd.edu.ar\/sitio\/profesorado-en-lengua-y-literatura\/","title":{"rendered":"Profesorado de Educaci\u00f3n Secundaria en Lengua y Literatura 2025"},"content":{"rendered":"<p><img decoding=\"async\" loading=\"lazy\" class=\"alignnone size-medium wp-image-1661\" src=\"https:\/\/isfd1-bue.infd.edu.ar\/sitio\/wp-content\/uploads\/2020\/03\/3-1000x182.jpg\" alt=\"\" width=\"1000\" height=\"182\" srcset=\"https:\/\/isfd1-bue.infd.edu.ar\/sitio\/wp-content\/uploads\/2020\/03\/3-1000x182.jpg 1000w, https:\/\/isfd1-bue.infd.edu.ar\/sitio\/wp-content\/uploads\/2020\/03\/3-768x140.jpg 768w, https:\/\/isfd1-bue.infd.edu.ar\/sitio\/wp-content\/uploads\/2020\/03\/3-1900x345.jpg 1900w, https:\/\/isfd1-bue.infd.edu.ar\/sitio\/wp-content\/uploads\/2020\/03\/3-1100x200.jpg 1100w, https:\/\/isfd1-bue.infd.edu.ar\/sitio\/wp-content\/uploads\/2020\/03\/3-620x113.jpg 620w, https:\/\/isfd1-bue.infd.edu.ar\/sitio\/wp-content\/uploads\/2020\/03\/3-400x73.jpg 400w\" sizes=\"(max-width: 1000px) 100vw, 1000px\" \/><\/p>\n<p style=\"text-align: right;\"><b>Plan autorizado por Resoluci\u00f3n N\u00b01862\/17<\/b><\/p>\n<p><strong>Presentaci\u00f3n:<\/strong><\/p>\n<p>El Profesorado de Educaci\u00f3n Secundaria en Lengua y Literatura forma docentes para desempe\u00f1arse en el nivel secundario del sistema educativo. Posee 4 a\u00f1os de duraci\u00f3n y se cursa en el Turno Ma\u00f1ana y\/o Vespertino.<\/p>\n<p><strong>Plan de estudios:<\/strong><\/p>\n<p><b>Primer a\u00f1o<\/b><\/p>\n<ol>\n<li style=\"font-weight: 400;\"><span style=\"font-weight: 400;\">Pedagog\u00eda<\/span><\/li>\n<li style=\"font-weight: 400;\"><span style=\"font-weight: 400;\">Did\u00e1ctica General<\/span><\/li>\n<li style=\"font-weight: 400;\"><span style=\"font-weight: 400;\">Problem\u00e1ticas socio institucionales<\/span><\/li>\n<li style=\"font-weight: 400;\"><span style=\"font-weight: 400;\">Teor\u00eda Literaria I<\/span><\/li>\n<li style=\"font-weight: 400;\"><span style=\"font-weight: 400;\">Historia de la Lengua espa\u00f1ola<\/span><\/li>\n<li style=\"font-weight: 400;\"><span style=\"font-weight: 400;\">Lectura y escritura<\/span><\/li>\n<li style=\"font-weight: 400;\"><span style=\"font-weight: 400;\">Historia social y cultural de la Literatura I<\/span><\/li>\n<li style=\"font-weight: 400;\"><span style=\"font-weight: 400;\">Ling\u00fc\u00edstica y Gram\u00e1tica I<\/span><\/li>\n<li style=\"font-weight: 400;\"><span style=\"font-weight: 400;\">CFPP I: El trabajo docente. Complejidades y entramados<\/span><\/li>\n<\/ol>\n<p><strong>Segundo a\u00f1o<\/strong><\/p>\n<p>10. Historia y Pol\u00edtica argentina<br \/>\n11. Ense\u00f1ar con tecnolog\u00edas (1 2)<br \/>\n12. Perspectiva acerca de los sujetos de la educaci\u00f3n<br \/>\n13. Teor\u00eda literaria II (4)<br \/>\n14. Semi\u00f3tica (8)<br \/>\n15. Historia social y cultural de la Literatura II (7)<br \/>\n16. Did\u00e1ctica de la Lengua y la Literatura I (2)<br \/>\n17. Talleres de alfabetizaci\u00f3n y Literatura infantil y juvenil<br \/>\n18. Ling\u00fc\u00edstica y gram\u00e1tica II (8)<br \/>\n19. CFPP II: Construcci\u00f3n del trabajo docente en la escuela secundaria (9)<\/p>\n<p><strong>Tercer a\u00f1o<\/strong><\/p>\n<p>20. Educaci\u00f3n para la diversidad (1 2 12)<br \/>\n21. Filosof\u00eda y Educaci\u00f3n (1 2)<br \/>\n22. Evaluaci\u00f3n de los aprendizajes (1 2 12)<br \/>\n23. Optativas: Ingl\u00e9s I\/ Ret\u00f3rica y Oratoria<br \/>\n24. Teor\u00eda literaria III (13)<br \/>\n25. Psicoling\u00fc\u00edstica (18)<br \/>\n26. Did\u00e1ctica de la Lengua y la Literatura II (16)<br \/>\n27. Literatura espa\u00f1ola y Literatura latinoamericana (15)<br \/>\n28. Ling\u00fc\u00edstica y Gram\u00e1tica III (18)<br \/>\n29. CFPP III: La construcci\u00f3n de la tarea docente espec\u00edfica en la ense\u00f1anza del nivel (19. Cursado 1\u00b0 a\u00f1o)<\/p>\n<p><strong>Cuarto a\u00f1o<\/strong><\/p>\n<p>30. An\u00e1lisis e intervenci\u00f3n en situaciones de convivencia escolar<br \/>\n31. Optativas: Ingl\u00e9s II\/ Tutor\u00edas y orientaci\u00f3n escolar (Ingl\u00e9s I, 23)<br \/>\n32. Seminario: Literatura y otros lenguajes art\u00edsticos<br \/>\n33. Socioling\u00fc\u00edstica (25, 28)<br \/>\n34. EDI<br \/>\n35. Did\u00e1ctica de la Lengua y La literatura III<br \/>\n36. Literatura argentina (27)<br \/>\n37. Ling\u00fc\u00edstica y Gram\u00e1tica IV (28)<br \/>\n38. CFPP IV: La reflexi\u00f3n sobre la tarea docente (Cursado 2do)<\/p>\n<p>EDI: Nombre y contenidos de los mismos pueden variar seg\u00fan el a\u00f1o de cursada.<\/p>\n<p><strong>NOTA: Los n\u00fameros consignados entre par\u00e9ntesis indican N\u00b0 de materia correlativa. Esto quiere decir que para cursar la materia que se indica se deber\u00e1 haber cursado previamente la materia correlativa a la misma.<\/strong><\/p>\n<p style=\"text-align: center;\"><strong>Profesorado de Educaci\u00f3n secundaria en Lengua y Literatura.<\/strong><\/p>\n<p style=\"text-align: right;\"><b>Plan autorizado por Resoluci\u00f3n N\u00b01862\/17<\/b><\/p>\n<p>DE INTER\u00c9S PARA ESTUDIANTES: Se publica para su conocimiento el Plan de transici\u00f3n elaborado y aprobado por el Consejo Acad\u00e9mico Institucional.<\/p>\n<p><a href=\"https:\/\/isfd1-bue.infd.edu.ar\/sitio\/wp-content\/uploads\/2020\/04\/Plan-de-transici\u00f3n-Lengua-ISFD-N\u00b01-aprobado-por-CAI.pdf\">Plan de transici\u00f3n Lengua ISFD N\u00b01 aprobado por CAI<\/a><\/p>\n<p><strong>Plan de Estudios (PLAN VIEJO, resoluci\u00f3n 29\/03;2789\/09):<\/strong><\/p>\n<p><strong>Primer a\u00f1o<\/strong><\/p>\n<p>1.Perspectiva Filos\u00f3fico Pedag\u00f3gica I<\/p>\n<p>2.Perspectiva Pedag\u00f3gico Did\u00e1ctica I<\/p>\n<p>3.Perspectiva Socio-Pol\u00edtica<\/p>\n<p>4.Psicolog\u00eda y Cultura en la Educaci\u00f3n<\/p>\n<p>5.Teor\u00eda Literaria I<\/p>\n<p>6.Historia Social y Cultural de la Literatura I<\/p>\n<p>7.Ling\u00fc\u00edstica, Gram\u00e1tica Textual e Introducci\u00f3n a la Psicoling\u00fc\u00edstica y Socioling\u00fc\u00edstica<\/p>\n<p>8.Lengua y Literatura y su Ense\u00f1anza I<\/p>\n<p>9.Taller de Lectura, Escritura y Pr\u00e1ctica de la Lengua Oral<\/p>\n<p>10.Espacio de la Pr\u00e1ctica Docente I<\/p>\n<p><strong>Segundo a\u00f1o<\/strong><\/p>\n<p>11.Perspectiva Filos\u00f3fico Pedag\u00f3gica II (1)<\/p>\n<p>12.Perspectiva Pedag\u00f3gico Did\u00e1ctica II (Did\u00e1ctica Especial) (2)<\/p>\n<p>13.Psicolog\u00eda y Cultura del Alumno de EGB 3 y Polimodal (4)<\/p>\n<p>14.Teor\u00eda Literaria II (4.6.9)<\/p>\n<p>15.Historia Social y Cultural de la Literatura II (5,6)<\/p>\n<p>16.Semi\u00f3tica I (7,9)<\/p>\n<p>17.Ling\u00fc\u00edstica y Gram\u00e1tica II (7,9)<\/p>\n<p>18.Lenguas Cl\u00e1sicas I (7)<\/p>\n<p>19.Lengua y Literatura y su Ense\u00f1anza II (8,9,10)<\/p>\n<p>20. E.D.I. Cr\u00edtica literaria y de espect\u00e1culo<\/p>\n<p>21.Espacio de la Pr\u00e1ctica docente II (todos los espacios curriculares de primer a\u00f1o, y la aptitud fonoaudiol\u00f3gica)<\/p>\n<p><strong>Tercer a\u00f1o<\/strong><\/p>\n<p>22.Perspectiva Filos\u00f3fico Pedag\u00f3gico Did\u00e1ctica (11,12,13)<\/p>\n<p>23.Perspectiva Pol\u00edtico Institucional (3)<\/p>\n<p>24.Teor\u00eda Literaria III (14,15,16)<\/p>\n<p>25.Historia Social y Cultural de la Literatura III (14,15)<\/p>\n<p>26. Semi\u00f3tica II (16)<\/p>\n<p>27.Ling\u00fc\u00edstica y Gram\u00e1tica III (17)<\/p>\n<p>28.Lenguas Cl\u00e1sicas II (18)<\/p>\n<p>29. Primer Nivel de Lengua Extranjera<\/p>\n<p>30. E.D.I.:Texto teatral<\/p>\n<p>31.Espacio de la Pr\u00e1ctica Docente III (la totalidad de los espacios de primero y segundo a\u00f1o)<\/p>\n<p><strong>Cuarto a\u00f1o<\/strong><\/p>\n<p>32.Teor\u00eda Literaria IV (24,25)<\/p>\n<p>33.Historia Social y Cultural de la Literatura IV\u00a0 (24,25)<\/p>\n<p>34. Ling\u00fc\u00edstica y Gram\u00e1tica IV (27)<\/p>\n<p>35. Psicoling\u00fc\u00edstica (27)<\/p>\n<p>36. Socioling\u00fc\u00edstica\u00a0 (26, 27)<\/p>\n<p>37. Segundo Nivel de Lengua Extranjera (29)<\/p>\n<p>38. E.D.I * taller de problem\u00e1ticas en la comprensi\u00f3n lectora y producci\u00f3n escrita<\/p>\n<p>39. Espacio de la Pr\u00e1ctica Docente IV (La totalidad de los Espacios Curriculares de Segundo y Tercer A\u00f1o, excepto Lengua Extranjera )<\/p>\n<p>*EDI: Nombre y contenidos de los mismos pueden variar seg\u00fan el a\u00f1o de cursada.<\/p>\n<p><strong>NOTA: Los n\u00fameros consignados entre par\u00e9ntesis indican N\u00b0 de materia correlativa. Esto quiere decir que para cursar la materia que se indica se deber\u00e1 haber cursado previamente la materia correlativa a la misma.<\/strong><\/p>\n","protected":false},"excerpt":{"rendered":"<p>Plan autorizado por Resoluci\u00f3n N\u00b01862\/17 Presentaci\u00f3n: El Profesorado de Educaci\u00f3n Secundaria en Lengua y Literatura forma docentes para desempe\u00f1arse en el nivel secundario del sistema educativo. Posee 4 a\u00f1os de duraci\u00f3n y se cursa en el Turno Ma\u00f1ana y\/o Vespertino. Plan de estudios: Primer a\u00f1o Pedagog\u00eda Did\u00e1ctica General Problem\u00e1ticas socio institucionales Teor\u00eda Literaria I Historia &#8230; <a title=\"Profesorado de Educaci\u00f3n Secundaria en Lengua y Literatura 2025\" class=\"read-more\" href=\"https:\/\/isfd1-bue.infd.edu.ar\/sitio\/profesorado-en-lengua-y-literatura\/\" aria-label=\"More on Profesorado de Educaci\u00f3n Secundaria en Lengua y Literatura 2025\">[+]<\/a><\/p>\n","protected":false},"author":7,"featured_media":0,"parent":0,"menu_order":0,"comment_status":"closed","ping_status":"closed","template":"","meta":[],"acf":[],"_links":{"self":[{"href":"https:\/\/isfd1-bue.infd.edu.ar\/sitio\/wp-json\/wp\/v2\/pages\/811"}],"collection":[{"href":"https:\/\/isfd1-bue.infd.edu.ar\/sitio\/wp-json\/wp\/v2\/pages"}],"about":[{"href":"https:\/\/isfd1-bue.infd.edu.ar\/sitio\/wp-json\/wp\/v2\/types\/page"}],"author":[{"embeddable":true,"href":"https:\/\/isfd1-bue.infd.edu.ar\/sitio\/wp-json\/wp\/v2\/users\/7"}],"replies":[{"embeddable":true,"href":"https:\/\/isfd1-bue.infd.edu.ar\/sitio\/wp-json\/wp\/v2\/comments?post=811"}],"version-history":[{"count":19,"href":"https:\/\/isfd1-bue.infd.edu.ar\/sitio\/wp-json\/wp\/v2\/pages\/811\/revisions"}],"predecessor-version":[{"id":5784,"href":"https:\/\/isfd1-bue.infd.edu.ar\/sitio\/wp-json\/wp\/v2\/pages\/811\/revisions\/5784"}],"wp:attachment":[{"href":"https:\/\/isfd1-bue.infd.edu.ar\/sitio\/wp-json\/wp\/v2\/media?parent=811"}],"curies":[{"name":"wp","href":"https:\/\/api.w.org\/{rel}","templated":true}]}}