{"id":3617,"date":"2021-09-29T09:48:59","date_gmt":"2021-09-29T12:48:59","guid":{"rendered":"https:\/\/isfd1-bue.infd.edu.ar\/sitio\/?page_id=3617"},"modified":"2021-11-11T10:26:40","modified_gmt":"2021-11-11T13:26:40","slug":"comision-de-derecho-ambiental","status":"publish","type":"page","link":"https:\/\/isfd1-bue.infd.edu.ar\/sitio\/comision-de-derecho-ambiental\/","title":{"rendered":"Comisi\u00f3n de Derecho Ambiental"},"content":{"rendered":"\n<p>La comisi\u00f3n de Derecho Ambiental del ISFD N\u00b01 <em>Abuelas de Plaza de Mayo<\/em>, junto al ISFD N\u00b049 de Brandsen, el SUTEBA y la UNIPE llevan adelante la c\u00e1tedra abierta <strong>Educaci\u00f3n y Ambiente, Desaf\u00edos y oportunidades.<\/strong><\/p>\n\n\n\n<p> Les invitamos a conocer m\u00e1s en el sitio oficial: <a href=\"https:\/\/sites.google.com\/view\/caliea\/inicio\">https:\/\/sites.google.com\/view\/caliea\/inicio<\/a><\/p>\n\n\n\n<figure class=\"wp-block-image size-large\"><img decoding=\"async\" loading=\"lazy\" width=\"1280\" height=\"1430\" src=\"https:\/\/isfd1-bue.infd.edu.ar\/sitio\/wp-content\/uploads\/2021\/09\/logo-final.jpg\" alt=\"\" class=\"wp-image-3618\" srcset=\"https:\/\/isfd1-bue.infd.edu.ar\/sitio\/wp-content\/uploads\/2021\/09\/logo-final.jpg 1280w, https:\/\/isfd1-bue.infd.edu.ar\/sitio\/wp-content\/uploads\/2021\/09\/logo-final-895x1000.jpg 895w, https:\/\/isfd1-bue.infd.edu.ar\/sitio\/wp-content\/uploads\/2021\/09\/logo-final-768x858.jpg 768w\" sizes=\"(max-width: 1280px) 100vw, 1280px\" \/><\/figure>\n\n\n\n<p><strong>\u00daltimas noticias:<\/strong><\/p>\n\n\n\n<p><a href=\"https:\/\/photos.app.goo.gl\/nM4SyoFgwGv3tgdm6\">https:\/\/photos.app.goo.gl\/nM4SyoFgwGv3tgdm6<\/a><\/p>\n\n\n\n<p>Se  viene el 2do encuentro de la \u00abC\u00e1tedra Libre Educaci\u00f3n y Ambiente\u00bb,<\/p>\n\n\n\n<p>El 2do encuentro se realizar\u00e1 el Jueves 23 de Septiembre de 2021, de 18 a 20 hs. Ley de educaci\u00f3n Ambiental. Potencialidades y escenarios posibles en la pr\u00e1ctica docente.<\/p>\n\n\n\n<p>El encuentro se realizar\u00e1 en la plataforma Zoom.<br>Tambi\u00e9n podr\u00e1s seguir el encuentro por nuestros canales de youtube y facebook.<\/p>\n\n\n\n<p>Los datos de acceso y mas informaci\u00f3n sobre el encuentro,<br>est\u00e1n disponibles en nuestra pagina web:<br>https:\/\/sites.google.com\/view\/caliea\/inicio<\/p>\n\n\n\n<p>Te esperamos!!<br>All\u00ed nos vemos!!<\/p>\n\n\n\n<p>Equipo Organizador<br>Catedra Libre Educaci\u00f3n y Ambiente<\/p>\n\n\n\n<figure class=\"wp-block-image size-large\"><img decoding=\"async\" loading=\"lazy\" width=\"1000\" height=\"1000\" src=\"https:\/\/isfd1-bue.infd.edu.ar\/sitio\/wp-content\/uploads\/2021\/09\/WhatsApp-Image-2021-09-29-at-09.41.20.jpeg\" alt=\"\" class=\"wp-image-3619\" srcset=\"https:\/\/isfd1-bue.infd.edu.ar\/sitio\/wp-content\/uploads\/2021\/09\/WhatsApp-Image-2021-09-29-at-09.41.20.jpeg 1000w, https:\/\/isfd1-bue.infd.edu.ar\/sitio\/wp-content\/uploads\/2021\/09\/WhatsApp-Image-2021-09-29-at-09.41.20-500x500.jpeg 500w, https:\/\/isfd1-bue.infd.edu.ar\/sitio\/wp-content\/uploads\/2021\/09\/WhatsApp-Image-2021-09-29-at-09.41.20-768x768.jpeg 768w\" sizes=\"(max-width: 1000px) 100vw, 1000px\" \/><\/figure>\n\n\n\n<p><\/p>\n","protected":false},"excerpt":{"rendered":"<p>La comisi\u00f3n de Derecho Ambiental del ISFD N\u00b01 Abuelas de Plaza de Mayo, junto al ISFD N\u00b049 de Brandsen, el SUTEBA y la UNIPE llevan adelante la c\u00e1tedra abierta Educaci\u00f3n y Ambiente, Desaf\u00edos y oportunidades. Les invitamos a conocer m\u00e1s en el sitio oficial: https:\/\/sites.google.com\/view\/caliea\/inicio \u00daltimas noticias: https:\/\/photos.app.goo.gl\/nM4SyoFgwGv3tgdm6 Se viene el 2do encuentro de la &#8230; <a title=\"Comisi\u00f3n de Derecho Ambiental\" class=\"read-more\" href=\"https:\/\/isfd1-bue.infd.edu.ar\/sitio\/comision-de-derecho-ambiental\/\" aria-label=\"More on Comisi\u00f3n de Derecho Ambiental\">[+]<\/a><\/p>\n","protected":false},"author":1584,"featured_media":0,"parent":0,"menu_order":0,"comment_status":"closed","ping_status":"closed","template":"","meta":[],"acf":[],"_links":{"self":[{"href":"https:\/\/isfd1-bue.infd.edu.ar\/sitio\/wp-json\/wp\/v2\/pages\/3617"}],"collection":[{"href":"https:\/\/isfd1-bue.infd.edu.ar\/sitio\/wp-json\/wp\/v2\/pages"}],"about":[{"href":"https:\/\/isfd1-bue.infd.edu.ar\/sitio\/wp-json\/wp\/v2\/types\/page"}],"author":[{"embeddable":true,"href":"https:\/\/isfd1-bue.infd.edu.ar\/sitio\/wp-json\/wp\/v2\/users\/1584"}],"replies":[{"embeddable":true,"href":"https:\/\/isfd1-bue.infd.edu.ar\/sitio\/wp-json\/wp\/v2\/comments?post=3617"}],"version-history":[{"count":2,"href":"https:\/\/isfd1-bue.infd.edu.ar\/sitio\/wp-json\/wp\/v2\/pages\/3617\/revisions"}],"predecessor-version":[{"id":3770,"href":"https:\/\/isfd1-bue.infd.edu.ar\/sitio\/wp-json\/wp\/v2\/pages\/3617\/revisions\/3770"}],"wp:attachment":[{"href":"https:\/\/isfd1-bue.infd.edu.ar\/sitio\/wp-json\/wp\/v2\/media?parent=3617"}],"curies":[{"name":"wp","href":"https:\/\/api.w.org\/{rel}","templated":true}]}}