{"id":3580,"date":"2021-09-06T09:48:55","date_gmt":"2021-09-06T12:48:55","guid":{"rendered":"https:\/\/isfd1-bue.infd.edu.ar\/sitio\/?page_id=3580"},"modified":"2021-09-09T11:04:40","modified_gmt":"2021-09-09T14:04:40","slug":"ensenanza-y-cuidado-de-la-primera-infancia","status":"publish","type":"page","link":"https:\/\/isfd1-bue.infd.edu.ar\/sitio\/ensenanza-y-cuidado-de-la-primera-infancia\/","title":{"rendered":"La ense\u00f1anza y el cuidado de la primera infancia"},"content":{"rendered":"\n<p>9-9-2021<\/p>\n\n\n\n<p>*Comunidad de la Regi\u00f3n 2:* <\/p>\n\n\n\n<p><img decoding=\"async\" loading=\"lazy\" height=\"16\" width=\"16\" alt=\"&#x27a1;&#xfe0f;\" src=\"https:\/\/static.xx.fbcdn.net\/images\/emoji.php\/v9\/t9e\/1\/16\/27a1.png\">El lunes 13 de septiembre a las 8:00 AM se abre la inscripci\u00f3n al Post\u00edtulo Ense\u00f1anza y Cuidado de la Primera Infancia, de la DPES.<\/p>\n\n\n\n<p><img decoding=\"async\" loading=\"lazy\" height=\"16\" width=\"16\" alt=\"&#x27a1;&#xfe0f;\" src=\"https:\/\/static.xx.fbcdn.net\/images\/emoji.php\/v9\/t9e\/1\/16\/27a1.png\">Para evitar demoras y asegurarte la vacante te recomendamos tener preparado:<\/p>\n\n\n\n<p><img decoding=\"async\" loading=\"lazy\" height=\"16\" width=\"16\" alt=\"&#x2714;&#xfe0f;\" src=\"https:\/\/static.xx.fbcdn.net\/images\/emoji.php\/v9\/t51\/1\/16\/2714.png\">En un PDF DNI anverso y reverso<\/p>\n\n\n\n<p><img decoding=\"async\" loading=\"lazy\" height=\"16\" width=\"16\" alt=\"&#x2714;&#xfe0f;\" src=\"https:\/\/static.xx.fbcdn.net\/images\/emoji.php\/v9\/t51\/1\/16\/2714.png\">En un PDF t\u00edtulo docente habilitante anverso y reverso<\/p>\n\n\n\n<p><img decoding=\"async\" loading=\"lazy\" height=\"16\" width=\"16\" alt=\"&#x2714;&#xfe0f;\" src=\"https:\/\/static.xx.fbcdn.net\/images\/emoji.php\/v9\/t51\/1\/16\/2714.png\">En un PDF constancia de desempe\u00f1o en instituciones de nivel inicial o Profesorado de Educaci\u00f3n Inicial o COULI. (Recordar que este \u00edtem no es obligatorio si tu t\u00edtulo ya es de Profesora de educaci\u00f3n inicial)<\/p>\n\n\n\n<p><img decoding=\"async\" loading=\"lazy\" height=\"16\" width=\"16\" alt=\"&#x26a0;&#xfe0f;\" src=\"https:\/\/static.xx.fbcdn.net\/images\/emoji.php\/v9\/tdc\/1\/16\/26a0.png\">Todas las im\u00e1genes deben poder visualizarse correctamente (no estar borrosas ni cortadas)<\/p>\n\n\n\n<p><img decoding=\"async\" loading=\"lazy\" height=\"16\" width=\"16\" alt=\"&#x26a0;&#xfe0f;\" src=\"https:\/\/static.xx.fbcdn.net\/images\/emoji.php\/v9\/tdc\/1\/16\/26a0.png\">No te olvides de leer las especificaciones y preguntas frecuentes de la web oficial de Post\u00edtulos.<\/p>\n\n\n\n<p>\u00a1Te esperamos en esta importante propuesta formativa! *ISFD N\u00b01* Abuelas de Plaza de Mayo<\/p>\n\n\n\n<p><\/p>\n\n\n\n<p>7-9-2021<\/p>\n\n\n\n<p>Nos complace anunciar que el ISFD N\u00b01 ser\u00e1 sede de un nuevo post\u00edtulo de la DPES:<\/p>\n\n\n\n<p>\u201cEducaci\u00f3n Inicial: la ense\u00f1anza y el cuidado de la primera infancia\u201d<\/p>\n\n\n\n<p>Inscripci\u00f3n desde el 13 al 16 de septiembre<\/p>\n\n\n\n<p>Toda la informaci\u00f3n disponible en: <a href=\"https:\/\/postitulos.abc.gob.ar\/\">https:\/\/postitulos.abc.gob.ar\/<\/a><\/p>\n\n\n\n<p><\/p>\n\n\n\n<figure class=\"wp-block-image size-large\"><img decoding=\"async\" loading=\"lazy\" width=\"1080\" height=\"1080\" src=\"https:\/\/isfd1-bue.infd.edu.ar\/sitio\/wp-content\/uploads\/2021\/09\/WhatsApp-Image-2021-09-08-at-18.25.58.jpeg\" alt=\"\" class=\"wp-image-3587\" srcset=\"https:\/\/isfd1-bue.infd.edu.ar\/sitio\/wp-content\/uploads\/2021\/09\/WhatsApp-Image-2021-09-08-at-18.25.58.jpeg 1080w, https:\/\/isfd1-bue.infd.edu.ar\/sitio\/wp-content\/uploads\/2021\/09\/WhatsApp-Image-2021-09-08-at-18.25.58-1000x1000.jpeg 1000w, https:\/\/isfd1-bue.infd.edu.ar\/sitio\/wp-content\/uploads\/2021\/09\/WhatsApp-Image-2021-09-08-at-18.25.58-500x500.jpeg 500w, https:\/\/isfd1-bue.infd.edu.ar\/sitio\/wp-content\/uploads\/2021\/09\/WhatsApp-Image-2021-09-08-at-18.25.58-768x768.jpeg 768w\" sizes=\"(max-width: 1080px) 100vw, 1080px\" \/><\/figure>\n","protected":false},"excerpt":{"rendered":"<p>9-9-2021 *Comunidad de la Regi\u00f3n 2:* El lunes 13 de septiembre a las 8:00 AM se abre la inscripci\u00f3n al Post\u00edtulo Ense\u00f1anza y Cuidado de la Primera Infancia, de la DPES. Para evitar demoras y asegurarte la vacante te recomendamos tener preparado: En un PDF DNI anverso y reverso En un PDF t\u00edtulo docente habilitante &#8230; <a title=\"La ense\u00f1anza y el cuidado de la primera infancia\" class=\"read-more\" href=\"https:\/\/isfd1-bue.infd.edu.ar\/sitio\/ensenanza-y-cuidado-de-la-primera-infancia\/\" aria-label=\"More on La ense\u00f1anza y el cuidado de la primera infancia\">[+]<\/a><\/p>\n","protected":false},"author":1584,"featured_media":0,"parent":0,"menu_order":0,"comment_status":"closed","ping_status":"closed","template":"","meta":[],"acf":[],"_links":{"self":[{"href":"https:\/\/isfd1-bue.infd.edu.ar\/sitio\/wp-json\/wp\/v2\/pages\/3580"}],"collection":[{"href":"https:\/\/isfd1-bue.infd.edu.ar\/sitio\/wp-json\/wp\/v2\/pages"}],"about":[{"href":"https:\/\/isfd1-bue.infd.edu.ar\/sitio\/wp-json\/wp\/v2\/types\/page"}],"author":[{"embeddable":true,"href":"https:\/\/isfd1-bue.infd.edu.ar\/sitio\/wp-json\/wp\/v2\/users\/1584"}],"replies":[{"embeddable":true,"href":"https:\/\/isfd1-bue.infd.edu.ar\/sitio\/wp-json\/wp\/v2\/comments?post=3580"}],"version-history":[{"count":5,"href":"https:\/\/isfd1-bue.infd.edu.ar\/sitio\/wp-json\/wp\/v2\/pages\/3580\/revisions"}],"predecessor-version":[{"id":3590,"href":"https:\/\/isfd1-bue.infd.edu.ar\/sitio\/wp-json\/wp\/v2\/pages\/3580\/revisions\/3590"}],"wp:attachment":[{"href":"https:\/\/isfd1-bue.infd.edu.ar\/sitio\/wp-json\/wp\/v2\/media?parent=3580"}],"curies":[{"name":"wp","href":"https:\/\/api.w.org\/{rel}","templated":true}]}}