{"id":3455,"date":"2021-05-31T10:32:42","date_gmt":"2021-05-31T13:32:42","guid":{"rendered":"https:\/\/isfd1-bue.infd.edu.ar\/sitio\/?page_id=3455"},"modified":"2023-11-16T13:38:45","modified_gmt":"2023-11-16T16:38:45","slug":"centro-de-copiado","status":"publish","type":"page","link":"https:\/\/isfd1-bue.infd.edu.ar\/sitio\/centro-de-copiado\/","title":{"rendered":"Centro de Copiado"},"content":{"rendered":"<p>El centro de copiado del ISFD N\u00b01 se encuentra realizando pedidos y atenci\u00f3n presencial al p\u00fablico de Lunes a Viernes en el horario de 9:00 a 19.30 hs.<\/p>\n<pre>Mand\u00e1 correo a: <strong>fotocopiadorainstituto1@gmail.com.ar\n<\/strong>\nWhatsApp: <strong>1153254614<\/strong>\nRecord\u00e1 adjuntar o solicitar el material correspondiente indicando en el cuerpo del correo: APELLIDO, NOMBRE, A\u00d1O Y DIVISI\u00d3N.<\/pre>\n","protected":false},"excerpt":{"rendered":"<p>El centro de copiado del ISFD N\u00b01 se encuentra realizando pedidos y atenci\u00f3n presencial al p\u00fablico de Lunes a Viernes en el horario de 9:00 a 19.30 hs. Mand\u00e1 correo a: fotocopiadorainstituto1@gmail.com.ar WhatsApp: 1153254614 Record\u00e1 adjuntar o solicitar el material correspondiente indicando en el cuerpo del correo: APELLIDO, NOMBRE, A\u00d1O Y DIVISI\u00d3N.<\/p>\n","protected":false},"author":1584,"featured_media":0,"parent":0,"menu_order":0,"comment_status":"closed","ping_status":"closed","template":"","meta":[],"acf":[],"_links":{"self":[{"href":"https:\/\/isfd1-bue.infd.edu.ar\/sitio\/wp-json\/wp\/v2\/pages\/3455"}],"collection":[{"href":"https:\/\/isfd1-bue.infd.edu.ar\/sitio\/wp-json\/wp\/v2\/pages"}],"about":[{"href":"https:\/\/isfd1-bue.infd.edu.ar\/sitio\/wp-json\/wp\/v2\/types\/page"}],"author":[{"embeddable":true,"href":"https:\/\/isfd1-bue.infd.edu.ar\/sitio\/wp-json\/wp\/v2\/users\/1584"}],"replies":[{"embeddable":true,"href":"https:\/\/isfd1-bue.infd.edu.ar\/sitio\/wp-json\/wp\/v2\/comments?post=3455"}],"version-history":[{"count":4,"href":"https:\/\/isfd1-bue.infd.edu.ar\/sitio\/wp-json\/wp\/v2\/pages\/3455\/revisions"}],"predecessor-version":[{"id":4745,"href":"https:\/\/isfd1-bue.infd.edu.ar\/sitio\/wp-json\/wp\/v2\/pages\/3455\/revisions\/4745"}],"wp:attachment":[{"href":"https:\/\/isfd1-bue.infd.edu.ar\/sitio\/wp-json\/wp\/v2\/media?parent=3455"}],"curies":[{"name":"wp","href":"https:\/\/api.w.org\/{rel}","templated":true}]}}