{"id":3239,"date":"2021-04-22T12:18:44","date_gmt":"2021-04-22T15:18:44","guid":{"rendered":"https:\/\/isfd1-bue.infd.edu.ar\/sitio\/?page_id=3239"},"modified":"2023-11-16T16:17:54","modified_gmt":"2023-11-16T19:17:54","slug":"inscripcion-anos-superiores","status":"publish","type":"page","link":"https:\/\/isfd1-bue.infd.edu.ar\/sitio\/inscripcion-anos-superiores\/","title":{"rendered":"<strong><mark>INSCRIPCI\u00d3N INGRESANTES 2024<\/mark><\/strong>"},"content":{"rendered":"\n<p><\/p>\n\n\n\n<p class=\"has-text-align-center\"><strong><mark style=\"background-color:rgba(0, 0, 0, 0)\" class=\"has-inline-color has-vivid-cyan-blue-color\">INSCRIPCI\u00d3N INGRESANTES 2024<\/mark><\/strong><\/p>\n\n\n\n<p class=\"has-text-align-left\"><strong>FECHA DEL 1 DE NOVIEMBRE AL 30 DE NOVIEMBRE DEL 2023<\/strong><\/p>\n\n\n\n<p><\/p>\n\n\n\n<p><\/p>\n\n\n\n<p class=\"has-text-align-center\"><strong><mark style=\"background-color:rgba(0, 0, 0, 0)\" class=\"has-inline-color has-vivid-cyan-blue-color\">INSCRIPCI\u00d3N A A\u00d1OS SUPERIORES 2024 (2do a 4to a\u00f1o)<\/mark><\/strong><\/p>\n\n\n\n<p><strong><mark style=\"background-color:rgba(0, 0, 0, 0)\" class=\"has-inline-color has-vivid-red-color\">EN CONSTRUCCI\u00d3N<\/mark><\/strong>   <\/p>\n\n\n\n<p><\/p>\n\n\n\n<p><\/p>\n\n\n\n<h1 class=\"wp-block-heading\">ESTUDIANTES DE 2\u00ba A 4\u00ba A\u00d1O<\/h1>\n\n\n\n<ul>\n<li><strong><span class=\"has-inline-color has-vivid-red-color\">INFORMACI\u00d3N IMPORTANTE:<\/span><\/strong><\/li>\n\n\n\n<li>ESTA INSCRIPCI\u00d3N<strong> NO ES PARA INGRESANTES A PRIMER A\u00d1O &nbsp;<\/strong>ES SOLO PARA&nbsp; CURSAR MATERIAS DE 2\u00ba A 4\u00ba A\u00d1O O<strong> <\/strong>DE LOS ESPACIOS CURRICULARES DE PRIMER A\u00d1O QUE DEBEN SER RECURSADOS<\/li>\n\n\n\n<li>LES SOLICITAMOS SEAN CUIDADOSOS EN <strong>RESPETAR &nbsp;EL R\u00c9GIMEN DE CORRELATIVIDADES<\/strong> &nbsp;DE SUS CARRERA<\/li>\n<\/ul>\n\n\n\n<p><\/p>\n\n\n\n<p><\/p>\n","protected":false},"excerpt":{"rendered":"<p>INSCRIPCI\u00d3N INGRESANTES 2024 FECHA DEL 1 DE NOVIEMBRE AL 30 DE NOVIEMBRE DEL 2023 INSCRIPCI\u00d3N A A\u00d1OS SUPERIORES 2024 (2do a 4to a\u00f1o) EN CONSTRUCCI\u00d3N ESTUDIANTES DE 2\u00ba A 4\u00ba A\u00d1O<\/p>\n","protected":false},"author":1584,"featured_media":0,"parent":0,"menu_order":0,"comment_status":"closed","ping_status":"closed","template":"","meta":[],"acf":[],"_links":{"self":[{"href":"https:\/\/isfd1-bue.infd.edu.ar\/sitio\/wp-json\/wp\/v2\/pages\/3239"}],"collection":[{"href":"https:\/\/isfd1-bue.infd.edu.ar\/sitio\/wp-json\/wp\/v2\/pages"}],"about":[{"href":"https:\/\/isfd1-bue.infd.edu.ar\/sitio\/wp-json\/wp\/v2\/types\/page"}],"author":[{"embeddable":true,"href":"https:\/\/isfd1-bue.infd.edu.ar\/sitio\/wp-json\/wp\/v2\/users\/1584"}],"replies":[{"embeddable":true,"href":"https:\/\/isfd1-bue.infd.edu.ar\/sitio\/wp-json\/wp\/v2\/comments?post=3239"}],"version-history":[{"count":33,"href":"https:\/\/isfd1-bue.infd.edu.ar\/sitio\/wp-json\/wp\/v2\/pages\/3239\/revisions"}],"predecessor-version":[{"id":4757,"href":"https:\/\/isfd1-bue.infd.edu.ar\/sitio\/wp-json\/wp\/v2\/pages\/3239\/revisions\/4757"}],"wp:attachment":[{"href":"https:\/\/isfd1-bue.infd.edu.ar\/sitio\/wp-json\/wp\/v2\/media?parent=3239"}],"curies":[{"name":"wp","href":"https:\/\/api.w.org\/{rel}","templated":true}]}}