{"id":3220,"date":"2021-04-20T22:23:19","date_gmt":"2021-04-21T01:23:19","guid":{"rendered":"https:\/\/isfd1-bue.infd.edu.ar\/sitio\/?page_id=3220"},"modified":"2021-08-13T12:14:55","modified_gmt":"2021-08-13T15:14:55","slug":"postitulos","status":"publish","type":"page","link":"https:\/\/isfd1-bue.infd.edu.ar\/sitio\/postitulos\/","title":{"rendered":"Post\u00edtulos"},"content":{"rendered":"<p>13\/8\/2021<\/p>\n<p>\u00a1Nueva oferta de Post\u00edtulos! Para consultas al correo de la sede: postitulosede2@gmail.com<\/p>\n<p>Toda la informaci\u00f3n oficial disponible en:<\/p>\n<blockquote class=\"wp-embedded-content\" data-secret=\"lkpjpJaZ2I\"><p><a href=\"https:\/\/postitulos.abc.gob.ar\/\">Especializaciones de nivel superior<\/a><\/p><\/blockquote>\n<p><iframe class=\"wp-embedded-content\" sandbox=\"allow-scripts\" security=\"restricted\" style=\"position: absolute; clip: rect(1px, 1px, 1px, 1px);\" title=\"&#8220;Especializaciones de nivel superior&#8221; &#8212; Post\u00edtulos Docentes - Direcci\u00f3n Provincial de Educaci\u00f3n Superior (DGCyE)\" src=\"https:\/\/postitulos.abc.gob.ar\/embed\/#?secret=lkpjpJaZ2I\" data-secret=\"lkpjpJaZ2I\" width=\"600\" height=\"338\" frameborder=\"0\" marginwidth=\"0\" marginheight=\"0\" scrolling=\"no\"><\/iframe><\/p>\n<p><img decoding=\"async\" src=\"https:\/\/isfd1-bue.infd.edu.ar\/sitio\/wp-content\/uploads\/2021\/08\/WhatsApp-Image-2021-08-13-at-07.55.11-4.jpeg\" alt=\"La imagen tiene un atributo ALT vac\u00edo; su nombre de archivo es WhatsApp-Image-2021-08-13-at-07.55.11-4.jpeg\" \/><\/p>\n<p><img decoding=\"async\" src=\"https:\/\/isfd1-bue.infd.edu.ar\/sitio\/wp-content\/uploads\/2021\/08\/WhatsApp-Image-2021-08-13-at-07.55.30-2.jpeg\" alt=\"La imagen tiene un atributo ALT vac\u00edo; su nombre de archivo es WhatsApp-Image-2021-08-13-at-07.55.30-2.jpeg\" \/><\/p>\n<p>15\/5\/2021<\/p>\n<p>En una semana de incre\u00edble esfuerzo completamos la inscripci\u00f3n a los post\u00edtulos de la Regi\u00f3n 2. Desde el ISFD N\u00b01 \u00abAbuelas de Plaza de Mayo\u00bb, sede de Distrito, le damos una c\u00e1lida bienvenida a los m\u00e1s de 460 colegas, compa\u00f1eras y compa\u00f1eros, graduados y graduadas que se suman o regresan a esta comunidad educativa. Estamos felices de encontrarnos nuevamente y los recibimos con un gran abrazo de Abuelas. Gracias a la <span class=\"nc684nl6\">Direcci\u00f3n Provincial de Educaci\u00f3n Superior<\/span> y al equipo referente por seguir peleando y apostando por la formaci\u00f3n continua en los ISFD de nuestra Provincia. \u00a1Felicitaciones y Bienvenida\/os!<\/p>\n<p>Equipo directivo<\/p>\n<hr \/>\n<p>11\/5\/2021 \u00a1ATENCI\u00d3N!<\/p>\n<p>\u00a1\u00daLTIMA NOTICIA! \u00a1MA\u00d1ANA 12-5 8:00 AM SE REABREN LOS FORMULARIOS PARA INSCRIPCI\u00d3N A POST\u00cdTULOS! Ante la gran demanda de la REGI\u00d3N 2 abrimos nuevas comisiones para las ofertas formativas de la DPES. \u00a1No te olvides y prepar\u00e1 la documentaci\u00f3n atenta a los perfiles solicitados!<\/p>\n<hr \/>\n<p>\u00daltima actualizaci\u00f3n 7-5-21<\/p>\n<div class=\"kvgmc6g5 cxmmr5t8 oygrvhab hcukyx3x c1et5uql ii04i59q\">\n<div dir=\"auto\">ATENCI\u00d3N: ABIERTA LA INSCRIPCI\u00d3N PARA CURSAR LOS POST\u00cdTULOS DE LA DPES (SEDE 2 ISFD N\u00b01 EL ABUELAS)<\/div>\n<div dir=\"auto\"><\/div>\n<\/div>\n<div class=\"o9v6fnle cxmmr5t8 oygrvhab hcukyx3x c1et5uql ii04i59q\">\n<div dir=\"auto\"><span class=\"pq6dq46d tbxw36s4 knj5qynh kvgmc6g5 ditlmg2l oygrvhab nvdbi5me sf5mxxl7 gl3lb2sf hhz5lgdu\"><img decoding=\"async\" loading=\"lazy\" src=\"https:\/\/static.xx.fbcdn.net\/images\/emoji.php\/v9\/t39\/1\/16\/1f4e2.png\" alt=\"&#x1f4e2;\" width=\"16\" height=\"16\" \/><\/span>\u00a1Hasta el 13-5!<\/div>\n<\/div>\n<div class=\"o9v6fnle cxmmr5t8 oygrvhab hcukyx3x c1et5uql ii04i59q\">\n<div dir=\"auto\"><span class=\"pq6dq46d tbxw36s4 knj5qynh kvgmc6g5 ditlmg2l oygrvhab nvdbi5me sf5mxxl7 gl3lb2sf hhz5lgdu\"><img decoding=\"async\" loading=\"lazy\" src=\"https:\/\/static.xx.fbcdn.net\/images\/emoji.php\/v9\/tdc\/1\/16\/26a0.png\" alt=\"&#x26a0;&#xfe0f;\" width=\"16\" height=\"16\" \/><\/span>Recomendamos tener escaneados y preparados:<\/div>\n<div dir=\"auto\"><span class=\"pq6dq46d tbxw36s4 knj5qynh kvgmc6g5 ditlmg2l oygrvhab nvdbi5me sf5mxxl7 gl3lb2sf hhz5lgdu\"><img decoding=\"async\" loading=\"lazy\" src=\"https:\/\/static.xx.fbcdn.net\/images\/emoji.php\/v9\/t51\/1\/16\/2714.png\" alt=\"&#x2714;&#xfe0f;\" width=\"16\" height=\"16\" \/><\/span>DNI anverso y reverso<\/div>\n<div dir=\"auto\"><span class=\"pq6dq46d tbxw36s4 knj5qynh kvgmc6g5 ditlmg2l oygrvhab nvdbi5me sf5mxxl7 gl3lb2sf hhz5lgdu\"><img decoding=\"async\" loading=\"lazy\" src=\"https:\/\/static.xx.fbcdn.net\/images\/emoji.php\/v9\/t51\/1\/16\/2714.png\" alt=\"&#x2714;&#xfe0f;\" width=\"16\" height=\"16\" \/><\/span>T\u00edtulo docente<\/div>\n<div dir=\"auto\"><span class=\"pq6dq46d tbxw36s4 knj5qynh kvgmc6g5 ditlmg2l oygrvhab nvdbi5me sf5mxxl7 gl3lb2sf hhz5lgdu\"><img decoding=\"async\" loading=\"lazy\" src=\"https:\/\/static.xx.fbcdn.net\/images\/emoji.php\/v9\/t51\/1\/16\/2714.png\" alt=\"&#x2714;&#xfe0f;\" width=\"16\" height=\"16\" \/><\/span>Constancia de desempe\u00f1o<\/div>\n<div dir=\"auto\"><\/div>\n<div dir=\"auto\">\n<hr \/>\n<\/div>\n<\/div>\n<div class=\"o9v6fnle cxmmr5t8 oygrvhab hcukyx3x c1et5uql ii04i59q\">\n<h2 dir=\"auto\"><span class=\"pq6dq46d tbxw36s4 knj5qynh kvgmc6g5 ditlmg2l oygrvhab nvdbi5me sf5mxxl7 gl3lb2sf hhz5lgdu\"><img decoding=\"async\" loading=\"lazy\" src=\"https:\/\/static.xx.fbcdn.net\/images\/emoji.php\/v9\/t39\/1\/16\/1f4e2.png\" alt=\"&#x1f4e2;\" width=\"16\" height=\"16\" \/><\/span>Post\u00edtulos de la DPES, con sede en Regi\u00f3n 2 ISFD N\u00b01 \u00abAbuelas de Plaza de Mayo\u00bb<\/h2>\n<div dir=\"auto\"><\/div>\n<h1 dir=\"auto\">Inscribite aqu\u00ed:<\/h1>\n<\/div>\n<div class=\"o9v6fnle cxmmr5t8 oygrvhab hcukyx3x c1et5uql ii04i59q\">\n<div dir=\"auto\"><span class=\"pq6dq46d tbxw36s4 knj5qynh kvgmc6g5 ditlmg2l oygrvhab nvdbi5me sf5mxxl7 gl3lb2sf hhz5lgdu\"><img decoding=\"async\" loading=\"lazy\" src=\"https:\/\/static.xx.fbcdn.net\/images\/emoji.php\/v9\/t8c\/1\/16\/1f4bb.png\" alt=\"&#x1f4bb;\" width=\"16\" height=\"16\" \/><\/span> Escuelas y cultura digital:<\/div>\n<div dir=\"auto\">\n<p>Link al form: <a class=\"oajrlxb2 g5ia77u1 qu0x051f esr5mh6w e9989ue4 r7d6kgcz rq0escxv nhd2j8a9 nc684nl6 p7hjln8o kvgmc6g5 cxmmr5t8 oygrvhab hcukyx3x jb3vyjys rz4wbd8a qt6c0cv9 a8nywdso i1ao9s8h esuyzwwr f1sip0of lzcic4wl py34i1dx gpro0wi8\" tabindex=\"0\" role=\"link\" href=\"https:\/\/forms.gle\/o8U6yPUbAGNdnALX9?fbclid=IwAR2yvpKdzwOc0qguakPTiHdffxOdFDkx8gE8EbQvA300aTmo-OxxlrWR5Do\" target=\"_blank\" rel=\"nofollow noopener\">https:\/\/forms.gle\/o8U6yPUbAGNdnALX9<\/a><\/p>\n<div>\n<div id=\"0DE9E47C-871A-4F90-8440-B190C216800A_4\" class=\"mcafee_ok\"><\/div>\n<\/div>\n<\/div>\n<\/div>\n<div class=\"o9v6fnle cxmmr5t8 oygrvhab hcukyx3x c1et5uql ii04i59q\">\n<div dir=\"auto\"><span class=\"pq6dq46d tbxw36s4 knj5qynh kvgmc6g5 ditlmg2l oygrvhab nvdbi5me sf5mxxl7 gl3lb2sf hhz5lgdu\"><img decoding=\"async\" loading=\"lazy\" src=\"https:\/\/static.xx.fbcdn.net\/images\/emoji.php\/v9\/t69\/1\/16\/1f331.png\" alt=\"&#x1f331;\" width=\"16\" height=\"16\" \/><\/span> Educaci\u00f3n ambiental<\/div>\n<div dir=\"auto\">\n<p>Link al form: <a class=\"oajrlxb2 g5ia77u1 qu0x051f esr5mh6w e9989ue4 r7d6kgcz rq0escxv nhd2j8a9 nc684nl6 p7hjln8o kvgmc6g5 cxmmr5t8 oygrvhab hcukyx3x jb3vyjys rz4wbd8a qt6c0cv9 a8nywdso i1ao9s8h esuyzwwr f1sip0of lzcic4wl py34i1dx gpro0wi8\" tabindex=\"0\" role=\"link\" href=\"https:\/\/forms.gle\/hvNmL6K2CDxXyAwZ9?fbclid=IwAR2wt41-icBCVV212W0veX4PmdIPsI3Ua5C1GuUXqCtazJPREMoUTNo-0Kk\" target=\"_blank\" rel=\"nofollow noopener\">https:\/\/forms.gle\/hvNmL6K2CDxXyAwZ9<\/a><\/p>\n<div>\n<div id=\"0DE9E47C-871A-4F90-8440-B190C216800A_5\" class=\"mcafee_ok\"><\/div>\n<\/div>\n<\/div>\n<\/div>\n<div class=\"o9v6fnle cxmmr5t8 oygrvhab hcukyx3x c1et5uql ii04i59q\">\n<div dir=\"auto\"><span class=\"pq6dq46d tbxw36s4 knj5qynh kvgmc6g5 ditlmg2l oygrvhab nvdbi5me sf5mxxl7 gl3lb2sf hhz5lgdu\"><img decoding=\"async\" loading=\"lazy\" src=\"https:\/\/static.xx.fbcdn.net\/images\/emoji.php\/v9\/t49\/1\/16\/1f4da.png\" alt=\"&#x1f4da;\" width=\"16\" height=\"16\" \/><\/span> Ense\u00f1anza de la construcci\u00f3n hist\u00f3rica, social y cultural de las identidades bonaerenses<\/div>\n<div dir=\"auto\">\n<p>Link al form: <a class=\"oajrlxb2 g5ia77u1 qu0x051f esr5mh6w e9989ue4 r7d6kgcz rq0escxv nhd2j8a9 nc684nl6 p7hjln8o kvgmc6g5 cxmmr5t8 oygrvhab hcukyx3x jb3vyjys rz4wbd8a qt6c0cv9 a8nywdso i1ao9s8h esuyzwwr f1sip0of lzcic4wl py34i1dx gpro0wi8\" tabindex=\"0\" role=\"link\" href=\"https:\/\/forms.gle\/sALUQJ7ntBcJsPL2A?fbclid=IwAR1RO1QKDnqCP_z9T4AtT3M-zcEDSMGFiz5GvnWiyRGaAZrFEyPfOOYbRDY\" target=\"_blank\" rel=\"nofollow noopener\">https:\/\/forms.gle\/sALUQJ7ntBcJsPL2A<\/a><\/p>\n<div>\n<div id=\"0DE9E47C-871A-4F90-8440-B190C216800A_6\" class=\"mcafee_ok\"><\/div>\n<\/div>\n<\/div>\n<\/div>\n<div class=\"o9v6fnle cxmmr5t8 oygrvhab hcukyx3x c1et5uql ii04i59q\">\n<div dir=\"auto\">\n<p><span class=\"pq6dq46d tbxw36s4 knj5qynh kvgmc6g5 ditlmg2l oygrvhab nvdbi5me sf5mxxl7 gl3lb2sf hhz5lgdu\"><img decoding=\"async\" loading=\"lazy\" src=\"https:\/\/static.xx.fbcdn.net\/images\/emoji.php\/v9\/tcc\/1\/16\/1f4dd.png\" alt=\"&#x1f4dd;\" width=\"16\" height=\"16\" \/><\/span>Toda la info e inscripci\u00f3n en: <a class=\"oajrlxb2 g5ia77u1 qu0x051f esr5mh6w e9989ue4 r7d6kgcz rq0escxv nhd2j8a9 nc684nl6 p7hjln8o kvgmc6g5 cxmmr5t8 oygrvhab hcukyx3x jb3vyjys rz4wbd8a qt6c0cv9 a8nywdso i1ao9s8h esuyzwwr f1sip0of lzcic4wl py34i1dx gpro0wi8\" tabindex=\"0\" role=\"link\" href=\"https:\/\/postitulos.abc.gob.ar\/?fbclid=IwAR19cLPltPg4eKdQRqNQmR20JpcyIUn6oApP0U5kwpIukPCl84MVVKW9ktM\" target=\"_blank\" rel=\"nofollow noopener\">https:\/\/postitulos.abc.gob.ar\/<\/a><\/p>\n<div>\n<div id=\"0DE9E47C-871A-4F90-8440-B190C216800A_7\" class=\"mcafee_unknown\"><\/div>\n<\/div>\n<\/div>\n<\/div>\n<div class=\"o9v6fnle cxmmr5t8 oygrvhab hcukyx3x c1et5uql ii04i59q\">\n<div dir=\"auto\">\u00a1Les esperamos a todes!<\/div>\n<\/div>\n<hr \/>\n<p>\u00daltima actualizaci\u00f3n 6\/5\/2021<\/p>\n<p>ATENCI\u00d3N ASPIRANTES A CURSAR LOS POST\u00cdTULOS DE LA DPES<\/p>\n<p>&#x1f4e2;\u00a1Ma\u00f1ana 7\/5 a las 8:00 AM publicaremos los formularios de inscripci\u00f3n para aspirantes a cursar los post\u00edtulos!<\/p>\n<p>&#x26a0;&#xfe0f;Recomendamos tener escaneados y preparados:<br \/>\n&#x2714;&#xfe0f;DNI anverso y reverso<br \/>\n&#x2714;&#xfe0f;T\u00edtulo docente<br \/>\n&#x2714;&#xfe0f;Constancia de desempe\u00f1o<\/p>\n<p>&#x1f4e2;Post\u00edtulos de la DPES, con sede en Regi\u00f3n 2 ISFD N\u00b01 \u00abAbuelas de Plaza de Mayo\u00bb<\/p>\n<p>&#x1f4bb; Escuelas y cultura digital:<\/p>\n<blockquote class=\"wp-embedded-content\" data-secret=\"ZiqMyCH9wF\"><p><a href=\"https:\/\/postitulos.abc.gob.ar\/cultura-digital\/\">Escuelas y cultura digital<\/a><\/p><\/blockquote>\n<p><iframe class=\"wp-embedded-content\" sandbox=\"allow-scripts\" security=\"restricted\" style=\"position: absolute; clip: rect(1px, 1px, 1px, 1px);\" title=\"&#8220;Escuelas y cultura digital&#8221; &#8212; Post\u00edtulos Docentes - Direcci\u00f3n Provincial de Educaci\u00f3n Superior (DGCyE)\" src=\"https:\/\/postitulos.abc.gob.ar\/cultura-digital\/embed\/#?secret=ZiqMyCH9wF\" data-secret=\"ZiqMyCH9wF\" width=\"600\" height=\"338\" frameborder=\"0\" marginwidth=\"0\" marginheight=\"0\" scrolling=\"no\"><\/iframe><\/p>\n<p>&#x1f331; Educaci\u00f3n ambiental<\/p>\n<blockquote class=\"wp-embedded-content\" data-secret=\"qAvREEAJfv\"><p><a href=\"https:\/\/postitulos.abc.gob.ar\/educacion-ambiental\/\">Educaci\u00f3n ambiental. Nuevas miradas y propuestas transversales para el aula<\/a><\/p><\/blockquote>\n<p><iframe class=\"wp-embedded-content\" sandbox=\"allow-scripts\" security=\"restricted\" style=\"position: absolute; clip: rect(1px, 1px, 1px, 1px);\" title=\"&#8220;Educaci\u00f3n ambiental. Nuevas miradas y propuestas transversales para el aula&#8221; &#8212; Post\u00edtulos Docentes - Direcci\u00f3n Provincial de Educaci\u00f3n Superior (DGCyE)\" src=\"https:\/\/postitulos.abc.gob.ar\/educacion-ambiental\/embed\/#?secret=qAvREEAJfv\" data-secret=\"qAvREEAJfv\" width=\"600\" height=\"338\" frameborder=\"0\" marginwidth=\"0\" marginheight=\"0\" scrolling=\"no\"><\/iframe><\/p>\n<p>&#x1f4da; Ense\u00f1anza de la construcci\u00f3n hist\u00f3rica, social y cultural de las identidades bonaerenses<\/p>\n<blockquote class=\"wp-embedded-content\" data-secret=\"Pq55Z7G66O\"><p><a href=\"https:\/\/postitulos.abc.gob.ar\/identidad-bonaerense\/\">Ense\u00f1anza de la construcci\u00f3n hist\u00f3rica, social y cultural de las identidades bonaerenses<\/a><\/p><\/blockquote>\n<p><iframe class=\"wp-embedded-content\" sandbox=\"allow-scripts\" security=\"restricted\" style=\"position: absolute; clip: rect(1px, 1px, 1px, 1px);\" title=\"&#8220;Ense\u00f1anza de la construcci\u00f3n hist\u00f3rica, social y cultural de las identidades bonaerenses&#8221; &#8212; Post\u00edtulos Docentes - Direcci\u00f3n Provincial de Educaci\u00f3n Superior (DGCyE)\" src=\"https:\/\/postitulos.abc.gob.ar\/identidad-bonaerense\/embed\/#?secret=Pq55Z7G66O\" data-secret=\"Pq55Z7G66O\" width=\"600\" height=\"338\" frameborder=\"0\" marginwidth=\"0\" marginheight=\"0\" scrolling=\"no\"><\/iframe><\/p>\n<p>&#x1f4dd;Info e inscripci\u00f3n en: https:\/\/postitulos.abc.gob.ar\/<\/p>\n<p>\u00a1Les esperamos a todes!<\/p>\n<hr \/>\n<p>4\/5\/2021<\/p>\n<p>La Direcci\u00f3n Provincial de Educaci\u00f3n Superior -Bs. As. regi\u00f3n 2, con sede en el ISFD N\u00b01 \u00abAbuelas de Plaza de Mayo\u00bb (Avellaneda)- presenta tres propuestas formativas de post\u00edtulos destinadas a docentes:<\/p>\n<p>Especializaciones de nivel superior en (<em>click sobre el enlace<\/em>):<\/p>\n<ul>\n<li><a href=\"https:\/\/postitulos.abc.gob.ar\/cultura-digital\/\"><span style=\"color: #000080;\">Escuelas y cultura digital<\/span><\/a><\/li>\n<li><a href=\"https:\/\/postitulos.abc.gob.ar\/identidad-bonaerense\/\"><span style=\"color: #000080;\">Ense\u00f1anza de la construcci\u00f3n hist\u00f3rica, social y cultural de las identidades bonaerenses<\/span><\/a><\/li>\n<li><a href=\"https:\/\/postitulos.abc.gob.ar\/educacion-ambiental\/\"><span style=\"color: #000080;\">Educaci\u00f3n ambiental<\/span><\/a><\/li>\n<\/ul>\n<p style=\"text-align: center;\"><a href=\"https:\/\/postitulos.abc.gob.ar\/\"><strong><span style=\"color: #000080;\">\u00a1Inscripci\u00f3n abierta del 7 al 13 de mayo!<\/span><\/strong><\/a><\/p>\n<ul>\n<li><span style=\"color: #000000;\">Toda la informaci\u00f3n (N\u00b0 de resoluci\u00f3n, modalidad, carga horaria y Plan de estudios) disponible en la web oficial <em>(click en el enlace<\/em>) :\u00a0<a style=\"color: #000000;\" href=\"https:\/\/postitulos.abc.gob.ar\/\">https:\/\/postitulos.abc.gob.ar\/<\/a><\/span><\/li>\n<li><span style=\"color: #000000;\">All\u00ed se publicar\u00e1, en la fecha indicada, el enlace a los formularios de inscripci\u00f3n.<\/span><\/li>\n<li><span style=\"color: #000000;\">Somos Sede: ISFD N\u00b01 Regi\u00f3n 2.<\/span><\/li>\n<\/ul>\n<p style=\"text-align: center;\"><span style=\"color: #000080;\">\u00a1Les esperamos!\u00a0<\/span><\/p>\n<p><strong>Especializaci\u00f3n de nivel superior<\/strong><\/p>\n<h1><a href=\"https:\/\/postitulos.abc.gob.ar\/cultura-digital\/\"><span style=\"color: #000080;\">Escuelas y cultura digital<\/span><\/a><\/h1>\n<p>Destinada a: docentes de todos los niveles y modalidades<\/p>\n<p><img decoding=\"async\" loading=\"lazy\" class=\"alignnone size-medium wp-image-3319\" src=\"https:\/\/isfd1-bue.infd.edu.ar\/sitio\/wp-content\/uploads\/2021\/05\/cd-1000x1000.jpg\" alt=\"\" width=\"1000\" height=\"1000\" srcset=\"https:\/\/isfd1-bue.infd.edu.ar\/sitio\/wp-content\/uploads\/2021\/05\/cd-1000x1000.jpg 1000w, https:\/\/isfd1-bue.infd.edu.ar\/sitio\/wp-content\/uploads\/2021\/05\/cd-500x500.jpg 500w, https:\/\/isfd1-bue.infd.edu.ar\/sitio\/wp-content\/uploads\/2021\/05\/cd-768x768.jpg 768w, https:\/\/isfd1-bue.infd.edu.ar\/sitio\/wp-content\/uploads\/2021\/05\/cd.jpg 1280w\" sizes=\"(max-width: 1000px) 100vw, 1000px\" \/><\/p>\n<p><strong>Especializaci\u00f3n de nivel superior<\/strong><\/p>\n<h1><a href=\"https:\/\/postitulos.abc.gob.ar\/identidad-bonaerense\/\"><span style=\"color: #000080;\">Ense\u00f1anza de la construcci\u00f3n hist\u00f3rica, social y cultural de las identidades bonaerenses<\/span><\/a><\/h1>\n<p>Destinada a: profesores de Educaci\u00f3n secundaria y Educaci\u00f3n de j\u00f3venes, adultos y adultos mayores<\/p>\n<p><img decoding=\"async\" loading=\"lazy\" class=\"alignnone size-medium wp-image-3323\" src=\"https:\/\/isfd1-bue.infd.edu.ar\/sitio\/wp-content\/uploads\/2021\/05\/WhatsApp-Image-2021-05-04-at-13.04.28-1000x1000.jpeg\" alt=\"\" width=\"1000\" height=\"1000\" srcset=\"https:\/\/isfd1-bue.infd.edu.ar\/sitio\/wp-content\/uploads\/2021\/05\/WhatsApp-Image-2021-05-04-at-13.04.28-1000x1000.jpeg 1000w, https:\/\/isfd1-bue.infd.edu.ar\/sitio\/wp-content\/uploads\/2021\/05\/WhatsApp-Image-2021-05-04-at-13.04.28-500x500.jpeg 500w, https:\/\/isfd1-bue.infd.edu.ar\/sitio\/wp-content\/uploads\/2021\/05\/WhatsApp-Image-2021-05-04-at-13.04.28-768x768.jpeg 768w, https:\/\/isfd1-bue.infd.edu.ar\/sitio\/wp-content\/uploads\/2021\/05\/WhatsApp-Image-2021-05-04-at-13.04.28.jpeg 1280w\" sizes=\"(max-width: 1000px) 100vw, 1000px\" \/><\/p>\n<p><strong>Especializaci\u00f3n de nivel superior<\/strong><\/p>\n<h1><a href=\"https:\/\/postitulos.abc.gob.ar\/educacion-ambiental\/\"><span style=\"color: #000080;\">Educaci\u00f3n ambiental<\/span><\/a><\/h1>\n<p>Destinada a: Directivos y docentes en ejercicio de Ciencias Sociales y Naturales de Educaci\u00f3n Secundaria y Educaci\u00f3n de j\u00f3venes, Adultos y Adultos mayores<\/p>\n<h1><img decoding=\"async\" loading=\"lazy\" class=\"alignnone size-medium wp-image-3321\" src=\"https:\/\/isfd1-bue.infd.edu.ar\/sitio\/wp-content\/uploads\/2021\/05\/WhatsApp-Image-2021-05-04-at-13.04.28-1-1000x1000.jpeg\" alt=\"\" width=\"1000\" height=\"1000\" srcset=\"https:\/\/isfd1-bue.infd.edu.ar\/sitio\/wp-content\/uploads\/2021\/05\/WhatsApp-Image-2021-05-04-at-13.04.28-1-1000x1000.jpeg 1000w, https:\/\/isfd1-bue.infd.edu.ar\/sitio\/wp-content\/uploads\/2021\/05\/WhatsApp-Image-2021-05-04-at-13.04.28-1-500x500.jpeg 500w, https:\/\/isfd1-bue.infd.edu.ar\/sitio\/wp-content\/uploads\/2021\/05\/WhatsApp-Image-2021-05-04-at-13.04.28-1-768x768.jpeg 768w, https:\/\/isfd1-bue.infd.edu.ar\/sitio\/wp-content\/uploads\/2021\/05\/WhatsApp-Image-2021-05-04-at-13.04.28-1.jpeg 1280w\" sizes=\"(max-width: 1000px) 100vw, 1000px\" \/><\/h1>\n","protected":false},"excerpt":{"rendered":"<p>13\/8\/2021 \u00a1Nueva oferta de Post\u00edtulos! Para consultas al correo de la sede: postitulosede2@gmail.com Toda la informaci\u00f3n oficial disponible en: Especializaciones de nivel superior 15\/5\/2021 En una semana de incre\u00edble esfuerzo completamos la inscripci\u00f3n a los post\u00edtulos de la Regi\u00f3n 2. Desde el ISFD N\u00b01 \u00abAbuelas de Plaza de Mayo\u00bb, sede de Distrito, le damos una &#8230; <a title=\"Post\u00edtulos\" class=\"read-more\" href=\"https:\/\/isfd1-bue.infd.edu.ar\/sitio\/postitulos\/\" aria-label=\"More on Post\u00edtulos\">[+]<\/a><\/p>\n","protected":false},"author":1584,"featured_media":0,"parent":0,"menu_order":0,"comment_status":"closed","ping_status":"closed","template":"","meta":[],"acf":[],"_links":{"self":[{"href":"https:\/\/isfd1-bue.infd.edu.ar\/sitio\/wp-json\/wp\/v2\/pages\/3220"}],"collection":[{"href":"https:\/\/isfd1-bue.infd.edu.ar\/sitio\/wp-json\/wp\/v2\/pages"}],"about":[{"href":"https:\/\/isfd1-bue.infd.edu.ar\/sitio\/wp-json\/wp\/v2\/types\/page"}],"author":[{"embeddable":true,"href":"https:\/\/isfd1-bue.infd.edu.ar\/sitio\/wp-json\/wp\/v2\/users\/1584"}],"replies":[{"embeddable":true,"href":"https:\/\/isfd1-bue.infd.edu.ar\/sitio\/wp-json\/wp\/v2\/comments?post=3220"}],"version-history":[{"count":27,"href":"https:\/\/isfd1-bue.infd.edu.ar\/sitio\/wp-json\/wp\/v2\/pages\/3220\/revisions"}],"predecessor-version":[{"id":3550,"href":"https:\/\/isfd1-bue.infd.edu.ar\/sitio\/wp-json\/wp\/v2\/pages\/3220\/revisions\/3550"}],"wp:attachment":[{"href":"https:\/\/isfd1-bue.infd.edu.ar\/sitio\/wp-json\/wp\/v2\/media?parent=3220"}],"curies":[{"name":"wp","href":"https:\/\/api.w.org\/{rel}","templated":true}]}}