{"id":1920,"date":"2020-04-05T11:12:41","date_gmt":"2020-04-05T14:12:41","guid":{"rendered":"https:\/\/isfd1-bue.infd.edu.ar\/sitio\/?page_id=1920"},"modified":"2020-10-20T20:14:51","modified_gmt":"2020-10-20T23:14:51","slug":"recursero","status":"publish","type":"page","link":"https:\/\/isfd1-bue.infd.edu.ar\/sitio\/recursero\/","title":{"rendered":"Recursero para situaciones de Violencia de G\u00e9nero"},"content":{"rendered":"<blockquote>\n<h4><strong><em>EN EL CONTEXTO DE EMERGENCIA POR COVID-19 &#8211; AVELLANEDA<\/em>:<\/strong><\/h4>\n<h5>POLO JUDICIAL AVELLANEDA: Ingreso restringido para casos URGENTES. Tel\u00e9fono 4265-4789<\/h5>\n<h5>ASESORAMIENTO JUDICIAL ATAJO: 1540279188 &#8211; De Lunes a Viernes de 9 a 15<\/h5>\n<h5>DIRECCI\u00d3N DE LAS MUJERES &#8211; MUNICIPALIDAD DE AVELLANEDA: Guardias M\u00ednimas de Lunes a Viernes de 8 a 14hs,\u00a0 llamando al 5533-9915<br \/>\nPor mail a: direcciondelasmujeres@mda.gob.ar &#8211; Por WhatsApp al: 1135379010<\/h5>\n<p>CASOS DE VIOLENCIA DE G\u00c9NERO Y FAMILIAR: la v\u00edctima se debe presentar en la comisar\u00eda de la mujer o comisar\u00eda m\u00e1s cercana a su domicilio, donde efectuar\u00e1 la denuncia pertinente solicitando las medidas de protecci\u00f3n. La denuncia se remite v\u00eda e mail desde la Comisar\u00eda al Juzgado de Familia en turno del Polo Judicial de Avellaneda. El juzgado remitir\u00e1 por correo electr\u00f3nico las medidas precautorias a la comisaria para que notifique a la denunciante. De esta manera se intenta evitar que las personas se acerquen al Polo Judicial. Es importante que estas diligencias se realicen antes de las 14 horas para permitirle al Juzgado crear el expediente. Si fueran luego de las 14, el expediente se crear\u00eda el d\u00eda posterior.<\/p>\n<p style=\"text-align: center;\"><strong>TODAS LAS MEDIDAS DE PROTECCI\u00d3N POR VIOLENCIA FAMILIAR que vencieron a partir del 8 de febrero de 2020 y durante toda la cuarentena obligatoria SE PRORROGAN AUTOM\u00c1TICAMENTE HASTA EL FIN DEL AISLAMIENTO OBLIGATORIO.<\/strong><\/p>\n<\/blockquote>\n<h2><strong>DENUNCIAS Y ASESORAMIENTO:<\/strong><\/h2>\n<pre><strong><span style=\"color: #0000ff;\">L\u00ednea 144 (Nacional)<\/span><\/strong>\r\nMinisterio de las Mujeres, G\u00e9neros\u00a0y\u00a0Diversidad\u00a0de\u00a0la\u00a0Naci\u00f3n\r\nWhatsapp: 1127716463\/ 1127759047\/ 1127759048\r\nlinea144@mingeneros.gob.ar<\/pre>\n<pre><strong><span style=\"color: #0000ff;\">Comisar\u00eda de la Mujer y la Familia de Avellaneda<\/span><\/strong>\r\nLas 24 hs.\r\nDirecci\u00f3n: Col\u00f3n 167, Avellaneda. Tel: 4201-9785<\/pre>\n<pre><strong><span style=\"color: #0000ff;\">Comisar\u00eda de la Mujer y la Familia de Lan\u00fas<\/span><\/strong> \r\nLas 24 hs.\r\nDirecci\u00f3n: Aguilar 2333, Remedios de Escalada, (011) 4247-9957\r\n\r\n<a href=\"http:\/\/www.policia.mseg.gba.gov.ar\/superintendencia_poldegenero\/Listado%20de%20Comisarias%20de%20la%20Mujer%20y%20la%20Familia0520.pdf\">Comisar\u00edas de la Mujer en otras localidades de la Pcia. de Buenos Aires.<\/a><\/pre>\n<pre><span style=\"color: #0000ff;\"><b>ATAJO Avellaneda (Agencia Territorial de Acceso a la Justicia - Proc. Gral de la Naci\u00f3n)\r\n<\/b><\/span>Denuncias de Avellaneda, Lan\u00fas, Lomas de Zamora, Quilmes\r\nDirecci\u00f3n: 25 de Mayo y Pje Figueroa, Dock Sud (A la altura de la Autopista Buenos Aires- La Plata)\r\nTel: 4222-1674\r\nDe Lunes a Viernes de 9 a 15.<\/pre>\n<pre><strong><span style=\"color: #0000ff;\">Polo Judicial de Avellaneda. Juzgado de Familia en turno. <\/span><\/strong>\r\nDirecci\u00f3n: Av. Mitre 2615, Sarand\u00ed.\r\nDe Lunes a viernes de 7 a 13 hs.<\/pre>\n<pre><strong><span style=\"color: #0000ff;\">Polo Judicial de Lan\u00fas. Juzgado de Familia en turno. <\/span><\/strong>\r\nDirecci\u00f3n: Pichincha 55, Lan\u00fas Oeste\r\nDe Lunes a viernes de 7 a 13 hs.<\/pre>\n<h2><strong>ASESORAMIENTO Y ACOMPA\u00d1AMIENTO:<\/strong><\/h2>\n<pre><strong><span style=\"color: #0000ff;\">Observatorio Social de Avellaneda- Direcci\u00f3n de la Mujeres<\/span><\/strong> \r\nDirecci\u00f3n: Edif. Municipal \"Nestor Kirchner\" - Av. Belgrano 1124 (PB)\r\nTel: 5533-9900 int 9915\r\nDe Lunes a Viernes de 8 a 16 hs.<\/pre>\n<pre><strong><span style=\"color: #0000ff;\">Subsecretar\u00eda de G\u00e9nero y Diversidad Sexual de Lan\u00fas<\/span><\/strong> \r\nDirecci\u00f3n: Zuloaga 57. \r\nTel: 43575114<\/pre>\n<pre><strong><span style=\"color: #0000ff;\">Red Colectiva Psi. Colectiva Psic\u00f3logxs. Atenci\u00f3n psicol\u00f3gica online<\/span><\/strong>\r\n<a href=\"https:\/\/www.facebook.com\/Redcolectivapsi\/\">Facebook<\/a>\r\nMail: colectivapsi@gmail.com o Mensaje Privado en la redes.<\/pre>\n<pre><strong><span style=\"color: #0000ff;\">Tatagua Consejer\u00eda. Escucha, acompa\u00f1amiento y asesoramiento zona Sur del GBA<\/span><\/strong> \r\n<a href=\"https:\/\/www.facebook.com\/pages\/category\/Interest\/Tatagua-Consejeria-283766752264815\/\">Facebook<\/a>\r\nWhatsapp: 1538559515<\/pre>\n<pre><strong><span style=\"color: #0000ff;\">Abofem Argentina. P\u00e1gina de abogadas con perspectiva de g\u00e9nero<\/span><\/strong> \r\n<a href=\"https:\/\/www.facebook.com\/Abofem-Argentina-527525891006277\/\">Facebook<\/a>\r\nMail: abofemargentina@gmail.com<\/pre>\n<h2><strong>VULNERACI\u00d3N DE DERECHOS EN LA NI\u00d1EZ<\/strong><\/h2>\n<pre><strong><span style=\"color: #0000ff;\">L\u00ednea 102<\/span> <\/strong>\r\nServicio de ayuda para ni\u00f1os, ni\u00f1as y adolescentes.\u00a0 \r\nLas 24 hs.\r\nOrganismo Provincial de la ni\u00f1ez y adolescencia. Gobierno de la Provincia de Buenos Aires.<\/pre>\n<pre><span style=\"color: #0000ff;\"><b>Servicio Local de Protecci\u00f3n y Promoci\u00f3n de los Derechos de la Ni\u00f1ez\r\n<\/b><\/span>Municipalidad de Avellaneda\r\nColon 818, Avellaneda (Frente a la cancha de Racing)\r\nLunes a viernes de 8 a 17 hs.\r\n\r\n<\/pre>\n<pre><span style=\"color: #0000ff;\"><b>Servicio Local de Protecci\u00f3n y Promoci\u00f3n de los Derechos de la Ni\u00f1ez\r\n<\/b><\/span>Municipalidad de Lan\u00fas\r\n<a href=\"https:\/\/www.lanus.gob.ar\/fichas\/2993\">Direcciones de Sedes descentralizadas<\/a>\r\n\r\nLunes a viernes de 8 a 16 hs.\r\nTel: (011) 4247-2564 (Guardia Pasiva: 4241-1000)<\/pre>\n<h2><strong>SALUD SEXUAL Y REPRODUCTIVA &#8211; TRATA DE PERSONAS<\/strong><\/h2>\n<pre><strong><span style=\"color: #0000ff;\">Programa de Salud Sexual y Procreaci\u00f3n Responsable de la Provincia de Buenos Aires<\/span> <\/strong> \r\n<a href=\"https:\/\/www.argentina.gob.ar\/salud\/saludsexual\/lineasaludsexual\">Anticonceptivos ILE (Interrupci\u00f3n Legal del Embarazo)<\/a> 0800-222-3444 \r\nWhatsapp +542213535500 \r\nMinisterio de las Mujeres, Pol\u00edticas de G\u00e9nero y Diversidad Sexual. Gobierno de la Provincia de Buenos Aires.<span style=\"color: #0000ff;\"><b>\u00a0<\/b><\/span><\/pre>\n<pre><span style=\"color: #0000ff;\"><b>Consultorios amigables (Red de Profesionales de la salud por el Derecho a decidir)\r\n<\/b><\/span>Villa Corina: Centro Municipal de Cuidado Familiar Villa Corina. \r\nDirecci\u00f3n: Pierres y Casacuberta. \r\nD\u00edas y horarios: Mi\u00e9rcoles 14 hs y Viernes 10 hs. \r\n\r\nWilde: Centro Municipal de Cuidado Familiar Villa Azul\r\nDirecci\u00f3n: Ramon Franco y Lincoln. \r\nD\u00edas y Horarios: Martes 14 hs. \r\n\r\nLan\u00fas Este: U.S 1\u00ba de Mayo.\r\nDirecci\u00f3n: Bustamante 2355.\r\nD\u00edas y horarios: Lunes, mi\u00e9rcoles, jueves y viernes de 9 a 15 hs. \r\n\r\nLan\u00fas Oeste: Hospital Evita \r\nDirecci\u00f3n: Rio de Janeiro 1910 - Maternidad.\r\nD\u00edas y horarios: Lunes a viernes de 8 a 12 hs.<\/pre>\n<pre><span style=\"color: #0000ff;\"><b>L\u00ednea 145 - Asistencia y denuncia por trata de personas.\r\n<\/b><\/span>Gratuita, An\u00f3nima y Nacional. Las 24 hs del d\u00eda\r\nMinisterio de Justicia y Derechos Humanos de la Naci\u00f3n.<\/pre>\n<p>&nbsp;<\/p>\n<p>&nbsp;<\/p>\n","protected":false},"excerpt":{"rendered":"<p>EN EL CONTEXTO DE EMERGENCIA POR COVID-19 &#8211; AVELLANEDA: POLO JUDICIAL AVELLANEDA: Ingreso restringido para casos URGENTES. Tel\u00e9fono 4265-4789 ASESORAMIENTO JUDICIAL ATAJO: 1540279188 &#8211; De Lunes a Viernes de 9 a 15 DIRECCI\u00d3N DE LAS MUJERES &#8211; MUNICIPALIDAD DE AVELLANEDA: Guardias M\u00ednimas de Lunes a Viernes de 8 a 14hs,\u00a0 llamando al 5533-9915 Por mail &#8230; <a title=\"Recursero para situaciones de Violencia de G\u00e9nero\" class=\"read-more\" href=\"https:\/\/isfd1-bue.infd.edu.ar\/sitio\/recursero\/\" aria-label=\"More on Recursero para situaciones de Violencia de G\u00e9nero\">[+]<\/a><\/p>\n","protected":false},"author":1584,"featured_media":0,"parent":0,"menu_order":0,"comment_status":"closed","ping_status":"closed","template":"","meta":[],"acf":[],"_links":{"self":[{"href":"https:\/\/isfd1-bue.infd.edu.ar\/sitio\/wp-json\/wp\/v2\/pages\/1920"}],"collection":[{"href":"https:\/\/isfd1-bue.infd.edu.ar\/sitio\/wp-json\/wp\/v2\/pages"}],"about":[{"href":"https:\/\/isfd1-bue.infd.edu.ar\/sitio\/wp-json\/wp\/v2\/types\/page"}],"author":[{"embeddable":true,"href":"https:\/\/isfd1-bue.infd.edu.ar\/sitio\/wp-json\/wp\/v2\/users\/1584"}],"replies":[{"embeddable":true,"href":"https:\/\/isfd1-bue.infd.edu.ar\/sitio\/wp-json\/wp\/v2\/comments?post=1920"}],"version-history":[{"count":26,"href":"https:\/\/isfd1-bue.infd.edu.ar\/sitio\/wp-json\/wp\/v2\/pages\/1920\/revisions"}],"predecessor-version":[{"id":2610,"href":"https:\/\/isfd1-bue.infd.edu.ar\/sitio\/wp-json\/wp\/v2\/pages\/1920\/revisions\/2610"}],"wp:attachment":[{"href":"https:\/\/isfd1-bue.infd.edu.ar\/sitio\/wp-json\/wp\/v2\/media?parent=1920"}],"curies":[{"name":"wp","href":"https:\/\/api.w.org\/{rel}","templated":true}]}}