{"id":1428,"date":"2020-02-16T22:39:26","date_gmt":"2020-02-17T01:39:26","guid":{"rendered":"https:\/\/isfd1-bue.infd.edu.ar\/sitio\/?page_id=1428"},"modified":"2020-02-21T10:00:33","modified_gmt":"2020-02-21T13:00:33","slug":"postitulo-educacion-primaria-de-adultos","status":"publish","type":"page","link":"https:\/\/isfd1-bue.infd.edu.ar\/sitio\/postitulo-educacion-primaria-de-adultos\/","title":{"rendered":"Post\u00edtulo Educaci\u00f3n Primaria de Adultos"},"content":{"rendered":"<p>Cohorte en curso. Inscripci\u00f3n cerrada.<\/p>\n","protected":false},"excerpt":{"rendered":"<p>Cohorte en curso. Inscripci\u00f3n cerrada.<\/p>\n","protected":false},"author":7,"featured_media":0,"parent":0,"menu_order":0,"comment_status":"closed","ping_status":"closed","template":"","meta":[],"acf":[],"_links":{"self":[{"href":"https:\/\/isfd1-bue.infd.edu.ar\/sitio\/wp-json\/wp\/v2\/pages\/1428"}],"collection":[{"href":"https:\/\/isfd1-bue.infd.edu.ar\/sitio\/wp-json\/wp\/v2\/pages"}],"about":[{"href":"https:\/\/isfd1-bue.infd.edu.ar\/sitio\/wp-json\/wp\/v2\/types\/page"}],"author":[{"embeddable":true,"href":"https:\/\/isfd1-bue.infd.edu.ar\/sitio\/wp-json\/wp\/v2\/users\/7"}],"replies":[{"embeddable":true,"href":"https:\/\/isfd1-bue.infd.edu.ar\/sitio\/wp-json\/wp\/v2\/comments?post=1428"}],"version-history":[{"count":3,"href":"https:\/\/isfd1-bue.infd.edu.ar\/sitio\/wp-json\/wp\/v2\/pages\/1428\/revisions"}],"predecessor-version":[{"id":1570,"href":"https:\/\/isfd1-bue.infd.edu.ar\/sitio\/wp-json\/wp\/v2\/pages\/1428\/revisions\/1570"}],"wp:attachment":[{"href":"https:\/\/isfd1-bue.infd.edu.ar\/sitio\/wp-json\/wp\/v2\/media?parent=1428"}],"curies":[{"name":"wp","href":"https:\/\/api.w.org\/{rel}","templated":true}]}}